ate the remainder when i is divided by 19.
14
Let m(r) = -4 - r - r - 2 - 8*r + r**2. Calculate the remainder when 9 is divided by m(11).
4
Let p(t) = -t**2 + 10*t - 9. Calculate the remainder when 27 is divided by p(8).
6
Suppose -16*d = -10*d - 30. Calculate the remainder when 102 is divided by d.
2
Suppose 0 = 7*a - 2*a - 10. Suppose -a*x - 3*x = -130. What is the remainder when x is divided by (-52)/(-6) + (-1)/(-3)?
8
Calculate the remainder when (-2)/(-4) - 396/(-8) is divided by 13.
11
Let r = -3 + 6. Let p(c) = 10*c - 7. Let b be p(1). Suppose 22 = o - r*k, 2*o - 4*k - 13 = b*o. What is the remainder when 27 is divided by o?
6
Let f(s) = s**3 + 4*s**2 - 5*s - 1. Let a be 2/(-2) - (-6)/(-2). What is the remainder when f(a) is divided by 5?
4
Suppose 0*z = 3*z - 72. Suppose 2*s + 2*s - 8 = 0. Suppose s*w - z = -0*w. Calculate the remainder when 35 is divided by w.
11
Let b(q) = -q - 11. Suppose -5*a + x = -34, 4*a = -4*x + 13 + 19. Calculate the remainder when a is divided by b(-13).
1
Let b = 42 - 28. Calculate the remainder when 69 is divided by b.
13
Let w = 65 - 44. Let i = w + -9. Suppose 3*y - 5*y = -44. What is the remainder when y is divided by i?
10
Let w(k) = -k**3 - k**2 + 49. Calculate the remainder when w(0) is divided by 26.
23
Suppose 0 = 3*m + 18 - 48. Suppose v = 3, -4*v = 2*s - 15 - 7. Suppose -s*y + 22 = -q, q = -0*q - 2. What is the remainder when m is divided by y?
2
Suppose 11*d - 5*d - 270 = 0. What is the remainder when 86 is divided by d?
41
Let k(d) = -3*d**3 + d**2 + d + 1. Let w = -76 + 83. Calculate the remainder when w is divided by k(-1).
3
Let j(v) = v**3 + 3*v**2 + 2. Let l be 11/(-4) + 2/(-8). Let t be j(l). Calculate the remainder when 13 is divided by 68/10 - t/(-10).
6
Suppose 0 = -2*k + 31 - 3. Let y = k - 4. Calculate the remainder when 28 is divided by y.
8
Let z(w) = -w**2 + w + 2. Let a be z(0). Suppose -4*x - a*f - 162 = -9*x, 0 = 4*x - 2*f - 130. Let j = 72 - x. Calculate the remainder when j is divided by 14.
12
Suppose -3*u - 4*x + 386 = x, 5*u - 4*x = 594. What is the remainder when u is divided by 31?
29
Let h = -35 - -61. Let f be (-1)/4*-6*22. Suppose -5*p + 2*d = -f - 6, -5*d = 5*p - 25. What is the remainder when h is divided by p?
5
Suppose -3*f + 2*g + 0*g - 336 = 0, -15 = -5*g. Let v = f + 77. Calculate the remainder when -1 - (0 - 2) - v is divided by 12.
10
Suppose 3*d - 5*r - 20 = 0, -r - 2*r = -d + 8. What is the remainder when 8 is divided by d?
3
Suppose 16 = 3*i - 140. Suppose 18 = -2*t + 2*c + i, 3*t + 3*c = 39. Calculate the remainder when t is divided by 8.
7
Suppose 5*h + 13 - 44 = -2*p, 3*h - 21 = -2*p. Suppose -5*f = -1 - 4, -39 = -2*i + f. Suppose 5*m - 60 = -i. What is the remainder when m is divided by p?
2
Let b = 5 + 4. Let q = b - 13. Calculate the remainder when 13 is divided by ((-20)/16)/(1/q).
3
Let f = -8 + 3. Let a = 9 + f. Suppose 12 - 44 = -a*r. What is the remainder when r is divided by 3?
2
Calculate the remainder when 49 is divided by (-4)/(-5 - -1)*26.
23
Suppose -3*o + 7*o = -b - 16, -o - 5*b = -15. Let n(g) = g**3 + 6*g**2 + 5*g + 6. What is the remainder when 22 is divided by n(o)?
4
Suppose -2*a = -a - 5. Suppose -a*x + 2*b + 63 = -2, x - 3*b - 26 = 0. Calculate the remainder when 42 is divided by x.
9
What is the remainder when 9 is divided by (3/(-2))/(6/(-16))?
1
Suppose 2*l = -5 + 31. Let c(d) be the second derivative of d**5/20 - 5*d**4/12 - d**3/3 - d**2/2 - 4*d. What is the remainder when c(6) is divided by l?
10
Let c = 24 - 14. What is the remainder when c is divided by (-24)/14*(-14)/4?
4
Let i(h) = h**3 - 6*h**2 - 5*h - 9. Calculate the remainder when 23 is divided by i(7).
3
Let z(l) = l**3 - 10*l**2 + 9*l + 3. Let y be z(9). Suppose 54 = -6*i + y*i. Calculate the remainder when (-3 + 3)/(-1) - i is divided by 7.
4
Let t be -8*-3*(-1)/6. Let i = t + 31. Let b = -12 + i. Calculate the remainder when 42 is divided by b.
12
Let b be -1 + 2 + (2 - -21). Suppose 4*x + 15 = 5*j, 4*x - 2*j = 2*j - 16. Let u = b + x. What is the remainder when 37 is divided by u?
18
Let y = -58 - -120. Calculate the remainder when y is divided by 21.
20
Let c(v) = 9*v + 1. Let k be c(-5). Let l = k - -92. Calculate the remainder when l is divided by 10.
8
Let z = -4 + 6. Let j(i) = i**3 + 9 - 2 - 4*i - 4*i**z + 10*i**2. Calculate the remainder when j(-6) is divided by 16.
15
Let f(z) = 18*z**3 + z**2. Let g(w) = 2*w**3 - 4*w**2 + 4*w - 7. Calculate the remainder when g(4) is divided by f(1).
16
Let j be 3/(9/6) + -6. Let n = j - -24. What is the remainder when ((-38)/4)/((-1)/4) is divided by n?
18
Let z = -4 - -6. Let m = 36 - 20. Suppose 5*a + 4*p - 20 = -p, -a + m = 5*p. Calculate the remainder when z is divided by a.
0
Let r = 20 + -19. Calculate the remainder when 3 - -46*r/2 is divided by 9.
8
Let j be (-3)/(((-3)/5)/3). Suppose 4*i - l - j = 1, -i + l = -4. Calculate the remainder when 8 is divided by i.
0
Suppose 0 = -4*k + 4, 4*b - 11 = 5*k - 0*k. Suppose 2*u + 5*m = 53 - 6, -b*u - m = -49. Calculate the remainder when 41 is divided by u.
8
Suppose 5*j - 2*c - 65 = 0, -2*c = -j + 3*c + 13. Let q = -5 + j. Let z(m) = -m**3 + 4*m**2 - 3*m + 1. What is the remainder when q is divided by z(2)?
2
Let p(g) = 20*g + 4 - 6*g - 4. Calculate the remainder when p(1) is divided by 5.
4
Suppose 5*h = -120 + 20. What is the remainder when (225/h)/(1/(-4)) is divided by 16?
13
Let w = 3 + 2. Suppose -6*o = -o - 80. Suppose -16 = -2*s + 4*l - l, 2*s - 4*l = o. Calculate the remainder when s is divided by w.
3
Let w(y) = -2*y**3 + 42*y**2 + 2*y + 14. Calculate the remainder when w(21) is divided by 10*1/(-2)*-3.
11
Let m be 0/(6 + -1 - 1). Let t = m - -9. What is the remainder when 33 is divided by t?
6
Let q = -71 - -87. Calculate the remainder when 94 is divided by q.
14
What is the remainder when (15/5 - 3) + (-98)/(-2) is divided by 25?
24
Suppose -5*r + 44 + 51 = 0. Suppose 4 - r = -3*b. Suppose b*q - 56 - 9 = 0. What is the remainder when q is divided by 5?
3
Suppose 0 = -w, -3*w + 3 + 9 = -2*i. Let z = 14 + i. Suppose -4*n + 5*p = -5*n + 42, 0 = -2*n + 3*p + 32. What is the remainder when n is divided by z?
6
Let d be 2*(-2 + 1) - 3. Let q = d + 11. Calculate the remainder when 17 is divided by q.
5
Let j(n) = 9*n - 4. Let p be j(4). Suppose 5*z - 4*z - p = 0. Suppose -3*r + z = r. Calculate the remainder when 23 is divided by r.
7
Suppose 0 = 2*s - r - 28, 3*s - 47 = 4*r - 0*r. Suppose 0*l - 24 = -l. What is the remainder when l is divided by s?
11
Let q = 18 + 2. Let p be (-10)/(-4)*q/25. Calculate the remainder when 14 is divided by ((-8)/(-12))/(p/15).
4
Let i(d) = -37*d**2 + 3*d + 1. Let t be i(-1). Let o be 0 + 56 + 0/(-1). Let m = o + t. Calculate the remainder when 32 is divided by m.
15
Suppose -7*j + 3*j + 292 = 0. Let d be (-77)/(-4) + (-3)/(-4). Let r = j - d. Calculate the remainder when r is divided by 14.
11
Let q(w) = w**2 - 5*w - 1. Let k be q(6). Suppose -45 = k*r - 170. What is the remainder when r is divided by 13?
12
Let j(l) be the first derivative of -2*l - 3 + l**2 + 0*l + 5. What is the remainder when 17 is divided by j(4)?
5
Let g(h) = h**3 - 7*h**2 + 8*h + 6. Let r be g(7). Let k = r + -19. What is the remainder when k is divided by 15?
13
Suppose 5*r - 3 - 17 = 0. Let l = -4 + 9. Suppose -x = l*h - 32, h + 0*x = x + r. What is the remainder when h is divided by 3?
0
Let u be 22/(6/(-3) - -1). Suppose 4*z + 15 + 125 = 0. Let b = u - z. What is the remainder when 24 is divided by b?
11
Let g = 2 - 6. Let p be (-1)/(-4) + (-51)/g. Suppose 0 = 3*n - p - 41. What is the remainder when n is divided by 7?
4
Suppose -b = 0, -3*i + 4*b + 32 = -i. What is the remainder when 77 is divided by i?
13
Suppose 0 = -4*g + 29 + 19. Suppose 0 = -3*v - 0*v - 162. Let y = -32 - v. What is the remainder when y is divided by g?
10
Let b = 55 - 22. What is the remainder when b is divided by 6?
3
Let s(u) = 2*u + 4*u + 21 - 3*u - 2*u. Calculate the remainder when 16 is divided by s(-11).
6
Let y = 1 + 3. What is the remainder when 12 is divided by y?
0
Suppose 0 = -2*k + 2, -5*w + 57 = 2*k + 20. Calculate the remainder when 25 is divided by w.
4
Suppose -4*s - 4*t + 2*t = -36, 0 = 3*s + 3*t - 30. Let j = -1 - -23. Calculate the remainder when j is divided